site?
False
Is 32393 a composite number?
True
Is 76051 prime?
False
Is 1819 prime?
False
Is 11053 a composite number?
True
Is 7979 a composite number?
True
Is 227827 a composite number?
False
Is 767 composite?
True
Is 5089 a prime number?
False
Is 9041 a composite number?
False
Is 21059 a composite number?
False
Is 136013 a composite number?
False
Is 1757 a prime number?
False
Is 18949 a composite number?
True
Is 48109 a composite number?
False
Is 14199 prime?
False
Is 11209 a prime number?
False
Is 911109 a composite number?
True
Is 74389 a prime number?
False
Is 137177 composite?
False
Is 2360483 prime?
True
Is 5779 a prime number?
True
Is 5509 a prime number?
False
Is 327839 prime?
True
Is 3511 prime?
True
Is 76367 a composite number?
False
Is 51131 a composite number?
False
Is 11539 prime?
False
Is 66791 a prime number?
True
Is 60409 a composite number?
True
Is 52135 prime?
False
Is 6143 a prime number?
True
Is 23399 prime?
True
Is 245161 composite?
True
Is 180331 a prime number?
True
Is 3199687 prime?
False
Is 186149 prime?
True
Is 177467 prime?
True
Is 57083 prime?
False
Is 34211 a composite number?
False
Is 17183 prime?
True
Is 53549 a prime number?
True
Is 58057 a prime number?
True
Is 213901 a composite number?
False
Is 10037 composite?
False
Is 4159 a prime number?
True
Is 348619 composite?
True
Is 5953 a composite number?
False
Is 112873 a prime number?
False
Is 391487 composite?
False
Is 1034419 prime?
True
Is 9197 composite?
True
Is 859 prime?
True
Is 334 a composite number?
True
Is 420374 a prime number?
False
Is 167135 prime?
False
Is 65279 composite?
True
Is 76891 a composite number?
True
Is 2262499 composite?
False
Is 2189 a prime number?
False
Is 773859 a prime number?
False
Is 338441 a composite number?
True
Is 17671 prime?
False
Is 231731 a composite number?
True
Is 1706 composite?
True
Is 28741 prime?
False
Is 1435589 a composite number?
False
Is 369469 a composite number?
False
Is 31315 composite?
True
Is 13097 a composite number?
True
Is 11177 composite?
False
Is 4169 composite?
True
Is 44839 composite?
False
Is 22481 a prime number?
True
Is 60953 a prime number?
True
Is 1361 a prime number?
True
Is 20639 composite?
False
Is 1321413 a prime number?
False
Is 34603 composite?
False
Is 3901 a prime number?
False
Is 9091 a composite number?
False
Is 79082 a prime number?
False
Is 271477 composite?
True
Is 50989 a composite number?
False
Is 1283 a prime number?
True
Is 134777 composite?
False
Is 72997 prime?
True
Is 298153 composite?
False
Is 279221 composite?
False
Is 43573 a prime number?
True
Is 501 composite?
True
Is 61441 composite?
False
Is 28123 composite?
False
Is 4569 a prime number?
False
Is 19913 a composite number?
False
Is 226637 a prime number?
True
Is 50009 composite?
True
Is 82021 a composite number?
False
Is 913313 prime?
False
Is 535621 prime?
False
Is 1233409 prime?
True
Is 80777 a composite number?
False
Is 38953 composite?
False
Is 4709 composite?
True
Is 875389 a prime number?
True
Is 2887 a composite number?
False
Is 121381 a prime number?
False
Is 30029 a prime number?
True
Is 39469 composite?
True
Is 649 prime?
False
Is 11983 a prime number?
False
Is 70501 prime?
True
Is 620491 composite?
False
Is 15493 prime?
True
Is 1943257 prime?
True
Is 222773 composite?
False
Is 31497 composite?
True
Is 47459 prime?
True
Is 101063 composite?
False
Is 345379 a composite number?
False
Is 9059 a composite number?
False
Is 31711 composite?
True
Is 283742 a composite number?
True
Is 7069 a prime number?
True
Is 3251 composite?
False
Is 895 prime?
False
Is 188653 a prime number?
True
Is 20849 prime?
True
Is 1400767 a composite number?
True
Is 381665 a composite number?
True
Is 193345 prime?
False
Is 61195 a prime number?
False
Is 287417 a prime number?
False
Is 1223861 a composite number?
True
Is 34829 composite?
True
Is 2393 composite?
False
Is 865 composite?
True
Is 14963 composite?
True
Is 47217 prime?
False
Is 1990553 a prime number?
True
Is 445271 a prime number?
True
Is 12637 a prime number?
True
Is 1561 a prime number?
False
Is 869369 a prime number?
True
Is 477127 a composite number?
True
Is 74047 composite?
False
Is 20887 composite?
False
Is 1961 prime?
False
Is 67597 composite?
True
Is 165289 a prime number?
False
Is 7787 a composite number?
True
Is 11113 a composite number?
False
Is 200287 prime?
False
Is 3598969 composite?
True
Is 236137 a composite number?
True
Is 64267 a prime number?
False
Is 2920747 prime?
False
Is 16319 a prime number?
True
Is 8353 prime?
True
Is 272849 composite?
True
Is 2857993 composite?
False
Is 4103 a prime number?
False
Is 30803 a prime number?
True
Is 578917 prime?
True
Is 39085 a composite number?
True
Is 728627 prime?
True
Is 7607 composite?
False
Is 38 prime?
False
Is 61961 prime?
True
Is 500711 composite?
True
Is 5147 a prime number?
True
Is 2714339 a prime number?
False
Is 273433 prime?
True
Is 6121 a composite number?
False
Is 32209 a composite number?
True
Is 35521 a composite number?
False
Is 2020961 a composite number?
False
Is 2819 prime?
True
Is 60373 a composite number?
False
Is 10321 a prime number?
True
Is 93517 composite?
True
Is 280531 prime?
False
Is 30341 a prime number?
True
Is 1511389 a prime number?
False
Is 58299 a composite number?
True
Is 192119 a prime number?
False
Is 149977 a prime number?
False
Is 8861 prime?
True
Is 26759 composite?
False
Is 245023 prime?
True
Is 89027 composite?
True
Is 39703 composite?
False
Is 35029 a prime number?
False
Is 12007 prime?
True
Is 85339 a composite number?
True
Is 258053 prime?
False
Is 293 composite?
False
Is 644951 prime?
True
Is 2073047 prime?
False
Is 37781 a composite number?
False
Is 14597 prime?
False
Is 465887 prime?
True
Is 18881 composite?
True
Is 1477 a prime number?
False
Is 347093 a prime number?
False
Is 2879 a prime number?
True
Is 16603 prime?
True
Is 221159 a prime number?
True
Is 377707 composite?
True
Is 3998103 a composite number?
True
Is 1082941 a composite number?
True
Is 36469 composite?
False
Is 63695 a composite number?
True
Is 466561 composite?
False
Is 348827 a composite number?
False
Is 24619 composite?
True
Is 150779 a prime number?
True
Is 37945 prime?
False
Is 38615 a composite number?
True
Is 6469 a composite number?
False
Is 2245 composite?
True
Is 9091 a prime number?
True
Is 242623 a prime number?
False
Is 129379 a prime number?
True
Is 211997 prime?
True
Is 15511 a prime number?
True
Is 2437 a composite number?
False
Is 981607 a prime number?
False
Is 193057 composite?
False
Is 231047 a prime number?
False
Is 30023 composite?
True
Is 5279 prime?
True
Is 959 a prime number?
False
Is 1909 composite?
True
Is 10037 prime?
True
Is 811037 a prime number?
True
Is 2605 prime?
False
Is 154507 prime?
False
Is 25679 a prime number?
True
Is 339767 prime?
False
Is 631 a composite number?
False
Is 23501 a prime number?
False
Is 769169 prime?
True
Is 1479509 prime?
False
Is 27427 prime?
True
Is 16349 prime?
True
Is 16127 composite?
False
Is 19945 a composite number?
True
Is 236183 composite?
True
Is 491 a composite number?
False
Is 8659121 a composite number?
False
Is 105817 a prime number?
True
Is 1903 a composite number?
True
Is 14137 a prime number?
False
Is 211543 a prime number?
True
Is 14699 composite?
False
Is 3427 prime?
False
Is 19739 composite?
False
Is 5789 a prime number?
False
Is 268171 prime?
True
Is 24151 a composite number?
False
Is 43853 a composite number?
False
Is 613 composite?
False
Is 2231941 composite?
False
Is 56941 prime?
True
Is 295 a composite number?
True
Is 394 prime?
False
Is 16129 prime?
False
Is 23662 composite?
True
Is 14963 composite?
True
Is 241579 composite?
True
Is 2807 prime?
False
Is 18013 composite?
False
Is 14173 a composite number?
False
Is 1511 prime?
True
Is 9193 composite?
True
Is 37547 prime?
True
Is 5209 prime?
True
Is 7477 a composite number?
False
Is 56299 a composite number?
False
Is 293 a composite number?
False
Is 93061 a composite number?
True
Is 1612393 composite?
False
Is 2431393 a prime number?
True
Is 26329 composite?
True
Is 30531 prime?
False
Is 4073 a prime number?
True
Is 51685 composite?
True
Is 210379 prime?
False
Is 14221 a composite number?
False
Is 6805 composite?
True
Is 246693 a composite number?
True
Is 20455 a composite nu